 when 48 is divided by y(-13)?
14
Suppose 15*t = 10*t + 10. Suppose 10*q = 7*q + 18. What is the remainder when q is divided by t?
0
Suppose -149 = 4*j - 41. Let u be (-2)/((-8)/6 + 2). Calculate the remainder when 15*u*6/j is divided by 4.
2
Let c(w) = -7*w**2 - 2*w + 1. Let j be c(1). What is the remainder when (-10)/((j/6)/2) is divided by 9?
6
Let j = 68 + -27. Calculate the remainder when j is divided by 15.
11
Suppose 0*k - 5*k - 5*r + 875 = 0, 2*k + 3*r = 353. What is the remainder when k is divided by 35?
32
Suppose -10*g + 5*y = -12*g + 12, 3*g = 3*y + 39. Calculate the remainder when 42 is divided by g.
9
Suppose 3*t + 58 = 5*u - 3*u, -4*t + 86 = 2*u. What is the remainder when u is divided by 9?
8
Let d(s) = s**3 + 4*s**2 + s + 3. Suppose -27 = -5*w + 48. Calculate the remainder when w is divided by d(-2).
6
Let r = 240 - 154. What is the remainder when r is divided by 18?
14
Suppose 0 = 3*a + 4*v - 26, 2 = -3*a + 2*a - 4*v. Let d = 25 - a. What is the remainder when 32 is divided by d?
10
Suppose 9*c - 44 = 5*c. What is the remainder when 62 is divided by c?
7
Let m(c) = c + 4. Let a be m(-2). Suppose -a*i - i + 3*j = -90, 4 = j. What is the remainder when i is divided by 12?
10
Let i = -6 - -4. Calculate the remainder when i + -1 + 63 + -1 is divided by 15.
14
Suppose -2*c - 655 = -7*c. Suppose v - 156 = 2*d, 4*v = d - 0*v + 71. Let j = d + c. What is the remainder when j is divided by 18?
16
Suppose 3*g + 0*k + 69 = 3*k, 5*g + 3*k = -107. Calculate the remainder when 10 is divided by 46/11 - (-4)/g.
2
Let h(y) = y**3 - 9*y**2 + 2*y - 1. What is the remainder when h(9) is divided by 49/14*12/7?
5
Let k = -20 - -23. Calculate the remainder when 5 is divided by k.
2
Suppose -2*n + 12 = 2*n. Let g = -1 - -4. Suppose 12 - 6 = g*v. Calculate the remainder when n is divided by v.
1
Suppose -s = v - 10, 4*v = 3*s - 2*s + 25. What is the remainder when v is divided by 5?
2
Suppose 3*p + p = 5*y - 15, -3*p = y - 22. Calculate the remainder when 9 is divided by y.
2
Let x = -44 + 74. Let g = 65 - 36. Let a = -13 + g. What is the remainder when x is divided by a?
14
Let u(z) = -z**3 - 5*z**2 + 7*z + 6. Let c be u(-6). Suppose 3*g = -2*x + 36, 4*g + c*x - 53 = -x. Calculate the remainder when 39 is divided by g.
11
Suppose 2*i + 2*i = 36. What is the remainder when 2*((-2 - -16) + -2) is divided by i?
6
Let n = -56 + 85. Let p = 8 + -4. Suppose d - p*a - 2 = 16, d - 2*a = 14. What is the remainder when n is divided by d?
9
Let o = 449 + -298. Calculate the remainder when o is divided by 40.
31
Let i = 77 - 58. What is the remainder when i is divided by 7?
5
Suppose -4*s + 4*l = -32, -s = 3*s - 5*l - 36. Suppose 0 = -337*d + 335*d + 14. What is the remainder when d is divided by (s/(-5))/1*-5?
3
Let g = 9 + -6. What is the remainder when 3 is divided by 1 - (-1)/(g/3)?
1
Let i = -29 + 46. Calculate the remainder when 49 is divided by i.
15
Let u(t) be the first derivative of -t**2 - 6*t + 2. Let w be u(-5). Suppose -101 = -w*k + 27. What is the remainder when k is divided by 11?
10
Let b(t) = -t**3 + 5*t**2 - 3*t - 5. Let q be b(4). Let d(z) = -3*z. What is the remainder when 11 is divided by d(q)?
2
Let p(c) = 4*c**2 + 10*c + 10. Let i = -5 - -34. What is the remainder when i is divided by p(-3)?
13
Let c be (-1)/4 + 269/4. Let r = 99 - c. Let m(u) = u**3 - 6*u**2 + 6*u + 6. Calculate the remainder when r is divided by m(5).
10
Suppose 3*z + 0*z = 12. What is the remainder when 5 is divided by z?
1
Suppose 0 = 2*i + 3*i + 5*s - 240, -5*i = -3*s - 280. Calculate the remainder when i is divided by 19.
15
Let w = -65 + 98. Suppose -3*d - 3 + 9 = 0. Suppose -2*b = -3*l - w, -d*l - l + 27 = 3*b. What is the remainder when 23 is divided by b?
11
Let g = -8 - -12. Let s be 22/8*g/1. Suppose 3*n - 6 = -2*h, 2*h + 5*n = h - s. Calculate the remainder when 25 is divided by h.
7
Suppose 5*i - 79 = -4*l, -4*i = -5*l + i + 65. Suppose -5*s + l = -39. What is the remainder when 20 is divided by s?
9
Let r(o) = -4*o + 3*o**2 + 2*o + 9 - 2*o**2 - 3*o. What is the remainder when 43 is divided by r(6)?
13
Let y = 4 + -2. Let a(q) = -3 - 16*q - 2 + 6*q - q**2 - 6. What is the remainder when a(-8) is divided by y?
1
Let t(m) = 2*m + 16. What is the remainder when 129 is divided by t(9)?
27
Let a(z) = -z**2 - 2. Let k be a(0). Let n = 10 + k. Calculate the remainder when n is divided by 3.
2
Let f = 266 - 187. Calculate the remainder when f is divided by 20.
19
Let f = 23 + -11. What is the remainder when 23 is divided by f?
11
Let s(y) = 3*y**3 - 2*y**2. Let l = -5 - -9. Suppose 120 = l*q + 4*r, -4*r = -0*q - 3*q + 90. What is the remainder when q is divided by s(2)?
14
What is the remainder when (468/30)/((-9)/(-30)) is divided by 9?
7
Suppose -3*m - 5*d = -19, 1 = -5*m + 2*m + 5*d. Let q be ((-2)/(-6))/(m/99). Let c = q + -8. Calculate the remainder when 4 is divided by c.
1
Let b(z) = z**2 + 7*z - 6. Let c = -14 - -6. What is the remainder when 6 is divided by b(c)?
0
Suppose -m + 45 = -3*b, -m + 113 = 2*m + 2*b. Let d = 2 + -2. Suppose 3*f + d*f = 60. What is the remainder when m is divided by f?
19
Calculate the remainder when 25 is divided by 2/(1/(-39)*-6).
12
Let d be 1/(-2*1/12). Let u be (-2)/d - (-38)/3. Let f = u - 3. Calculate the remainder when f is divided by 4.
2
Let a = -3 + 5. Suppose -r + a*y = -10 - 18, -5*r = -4*y - 140. Calculate the remainder when r is divided by 15.
13
Suppose 0 = -2*v - 0*v + 40. Let f(m) = -m**3 + m + 11. Calculate the remainder when v is divided by f(0).
9
Let a = -54 - -65. Calculate the remainder when a is divided by 2.
1
Let u = -14 + 23. Suppose -2*l = -u - 1. Suppose 3*s - s - 14 = 0. What is the remainder when s is divided by l?
2
Suppose 10*a + 16 = 136. What is the remainder when 69 is divided by a?
9
Suppose 0 = 6*k - 2*k. Let w = 9 - k. Calculate the remainder when 17 is divided by w.
8
Let x = -100 - -120. Calculate the remainder when x is divided by 7.
6
Suppose -3*o - 124 = -7*o. What is the remainder when 59 is divided by o?
28
Suppose -4 = -4*v + 5*t - t, 0 = 4*v - 3*t - 8. Suppose 4*m + 4*h - 32 = 0, 2*m + 10 + 2 = v*h. Calculate the remainder when 10 is divided by m.
2
Suppose -21 + 1 = -5*d. Let q(t) = t**3 - 3*t**2 - 4*t + 6. Calculate the remainder when 10 is divided by q(d).
4
Let h(v) = -v**3 - v**2 + 5*v. Let r be h(-5). Suppose 2*s - 7*s + r = 0. What is the remainder when 28 is divided by s?
13
Let h = -8 - -11. What is the remainder when h is divided by ((-9)/6)/((-6)/8)?
1
Suppose -2*j - j + 6 = 0. Suppose 2*c + 168 = -j*c. Let x = c + 60. Calculate the remainder when 52 is divided by x.
16
Suppose 0 = -4*b + 4. Let k(s) = -2*s**2 + s - 1. Let h be k(b). Let m = 1 - h. Calculate the remainder when 4 is divided by m.
1
Calculate the remainder when 30 - (-1 - (0 + -2)) is divided by ((-9)/3)/((-6)/30).
14
Let z = 25 + -9. What is the remainder when (3/12)/((-5)/(-920)) is divided by z?
14
Let n = -1 + -3. Let v = n + 5. Calculate the remainder when 5 is divided by (v + 0)/(2/4).
1
Let a(h) = 23*h**2. Let p(q) = -q**3 - 3*q**2 + 3*q - 3. Let y be p(-4). Calculate the remainder when a(y) is divided by 6.
5
Suppose 0 = -7*v + 2*v + 125. Let f = -14 + v. What is the remainder when 30 is divided by f?
8
Let f = -57 - -118. Let u(v) = 2*v**2 - 9*v + 3. What is the remainder when f is divided by u(6)?
19
Let q be ((-24)/10)/((-10)/25). Suppose q*x - 79 = 3*x + f, -3*x - 3*f + 75 = 0. Calculate the remainder when x is divided by 7.
5
Suppose 3*k - 3*y + 12 = 0, 4*k + 4*y - 4 = 2*k. Let j = -3 + 29. Calculate the remainder when j is divided by 8 - 1 - k - 0.
8
Suppose -10*z + 3 = -7*z. Suppose 3*n + n = 4. Calculate the remainder when z is divided by n.
0
What is the remainder when 49 is divided by -1 + 0 + (-81)/(-3)?
23
Let n = 216 - 121. Suppose 0*l + 4*p - 120 = -5*l, 5*p = 0. What is the remainder when n is divided by l?
23
Let f = 6 - -1. Suppose -f*u = -3*u + 8. What is the remainder when 23 is divided by ((-6)/5)/(u/20)?
11
Let p = 31 - -22. Calculate the remainder when p is divided by 18.
17
Let a = -1 + 4. What is the remainder when 41 is divided by (11/a)/(1/3)?
8
Suppose 0 = -3*p - 0 + 6. Suppose 0 = -5*k + i + 26 + 52, -p*k - 4*i = -40. Calculate the remainder when 29 is divided by k.
